{"id":9564,"date":"2023-07-20T10:59:53","date_gmt":"2023-07-20T08:59:53","guid":{"rendered":"https:\/\/www.psn.or.at\/?page_id=9564"},"modified":"2026-01-09T07:53:52","modified_gmt":"2026-01-09T06:53:52","slug":"sozialpsychiatrisches-ambulatorium-fuer-erwachsene","status":"publish","type":"page","link":"https:\/\/www.psn.or.at\/index.php\/sozialpsychiatrisches-ambulatorium-fuer-erwachsene\/","title":{"rendered":"Sozialpsychiatrische Ambulatorien f\u00fcr Erwachsene"},"content":{"rendered":"<h2><strong>Kurzbeschreibung<\/strong><\/h2>\n<p>Die Fach\u00e4rzt*innen der Ambulatorien arbeiten in enger Verschr\u00e4nkung mit den Teams des regionalen Psychosozialen Dienstes (PSD).<br \/>\nBei entsprechender Indikation f\u00fcr eine fach\u00e4rztliche Intervention werden Klient*innen, sofern nicht bereits an anderer Stelle fach\u00e4rztlich betreut, der Fach\u00e4rzt*in im Ambulatorium zur fach\u00e4rztlichen Abkl\u00e4rung\/Behandlung zugewiesen.<br \/>\nAlle involvierten Berufsgruppen arbeiten gemeinsam mit Patient*innen an der Erstellung eines Behandlungsplans. Das Behandlungskonzept sieht zur Gew\u00e4hrleistung einer fachgerechten und ganzheitlichen Behandlung im Sinne des bio-psycho-sozialen Ansatzes einen Informationsaustausch zwischen den Behandler*innen innerhalb des Psychosozialen Dienstes vor.<\/p>\n<p>Kontakt f\u00fcr Terminvereinbarungen bzw. n\u00e4here Ausk\u00fcnfte:<\/p>\n<p><strong>SOZIALPSYCHIATRISCHEN AMBULATORIUM F\u00dcR ERWACHSENE JUDENURG<\/strong><\/p>\n<p><strong>(REGION MURTAL und MURAU)<\/strong><\/p>\n<p><strong>0800 \/ 311 63 31 oder per <a href=\"mailto:kontakt.om@psn.or.at\">E-Mail<\/a><\/strong><\/p>\n<p>Mo \u2013 Fr: 09:00 bis 16:00 Uhr<\/p>\n<h2><a href=\"https:\/\/www.psn.or.at\/wp-content\/uploads\/2026\/01\/PSD-Folder_BSAMB-Erwachsene_Judenburg.pdf\">Folder Judenburg<\/a><\/h2>\n<p>&nbsp;<\/p>\n<p>&nbsp;<\/p>\n<p><strong>SOZIALPSYCHIATRISCHEN AMBULATORIUM F\u00dcR ERWACHSENE LIEZEN<\/strong><\/p>\n<p><strong>(REGION LIEZEN und GR\u00d6BMING)<\/strong><\/p>\n<p><strong>0800 \/ 311 63 36 oder per <a href=\"mailto:kontakt.li@psn.or.at\">E-Mail<\/a><\/strong><\/p>\n<p>Mo \u2013 Fr: 09:00 bis 16:00 Uhr<\/p>\n<h2><strong><a href=\"https:\/\/www.psn.or.at\/wp-content\/uploads\/2026\/01\/PSD-Folder_BSAMB-Erwachsene_Liezen.pdf\">Folder Liezen<\/a><\/strong><\/h2>\n","protected":false},"excerpt":{"rendered":"<p>Kurzbeschreibung Die Fach\u00e4rzt*innen der Ambulatorien arbeiten in enger Verschr\u00e4nkung mit den Teams des regionalen Psychosozialen Dienstes (PSD). Bei entsprechender Indikation f\u00fcr eine fach\u00e4rztliche Intervention werden Klient*innen, sofern nicht bereits an anderer Stelle fach\u00e4rztlich betreut, der Fach\u00e4rzt*in im Ambulatorium zur fach\u00e4rztlichen Abkl\u00e4rung\/Behandlung zugewiesen. Alle involvierten Berufsgruppen arbeiten gemeinsam mit Patient*innen an der Erstellung eines Behandlungsplans. Das [&hellip;]<span class=\"entry-read-more\"><a href=\"https:\/\/www.psn.or.at\/index.php\/sozialpsychiatrisches-ambulatorium-fuer-erwachsene\/\" class=\"cs-btn cs-btn-flat cs-btn-rounded cs-btn-xxs cs-btn-flat-accent\">Weiterlesen<\/a><\/span><\/p>\n","protected":false},"author":12,"featured_media":0,"parent":0,"menu_order":0,"comment_status":"closed","ping_status":"closed","template":"","meta":[],"_links":{"self":[{"href":"https:\/\/www.psn.or.at\/index.php\/wp-json\/wp\/v2\/pages\/9564"}],"collection":[{"href":"https:\/\/www.psn.or.at\/index.php\/wp-json\/wp\/v2\/pages"}],"about":[{"href":"https:\/\/www.psn.or.at\/index.php\/wp-json\/wp\/v2\/types\/page"}],"author":[{"embeddable":true,"href":"https:\/\/www.psn.or.at\/index.php\/wp-json\/wp\/v2\/users\/12"}],"replies":[{"embeddable":true,"href":"https:\/\/www.psn.or.at\/index.php\/wp-json\/wp\/v2\/comments?post=9564"}],"version-history":[{"count":8,"href":"https:\/\/www.psn.or.at\/index.php\/wp-json\/wp\/v2\/pages\/9564\/revisions"}],"predecessor-version":[{"id":10387,"href":"https:\/\/www.psn.or.at\/index.php\/wp-json\/wp\/v2\/pages\/9564\/revisions\/10387"}],"wp:attachment":[{"href":"https:\/\/www.psn.or.at\/index.php\/wp-json\/wp\/v2\/media?parent=9564"}],"curies":[{"name":"wp","href":"https:\/\/api.w.org\/{rel}","templated":true}]}}

Sozialpsychiatrische Ambulatorien für Erwachsene

<h2><strong>Kurzbeschreibung</strong></h2>
<p>Die Fachärzt*innen der Ambulatorien arbeiten in enger Verschränkung mit den Teams des regionalen Psychosozialen Dienstes (PSD).<br />
Bei entsprechender Indikation für eine fachärztliche Intervention werden Klient*innen, sofern nicht bereits an anderer Stelle fachärztlich betreut, der Fachärzt*in im Ambulatorium zur fachärztlichen Abklärung/Behandlung zugewiesen.<br />
Alle involvierten Berufsgruppen arbeiten gemeinsam mit Patient*innen an der Erstellung eines Behandlungsplans. Das Behandlungskonzept sieht zur Gewährleistung einer fachgerechten und ganzheitlichen Behandlung im Sinne des bio-psycho-sozialen Ansatzes einen Informationsaustausch zwischen den Behandler*innen innerhalb des Psychosozialen Dienstes vor.</p>
<p>Kontakt für Terminvereinbarungen bzw. nähere Auskünfte:</p>
<p><strong>SOZIALPSYCHIATRISCHEN AMBULATORIUM FÜR ERWACHSENE JUDENURG</strong></p>
<p><strong>(REGION MURTAL und MURAU)</strong></p>
<p><strong>0800 / 311 63 31 oder per <a href="mailto:kontakt.om@psn.or.at">E-Mail</a></strong></p>
<p>Mo – Fr: 09:00 bis 16:00 Uhr</p>
<h2><a href="https://www.psn.or.at/wp-content/uploads/2026/01/PSD-Folder_BSAMB-Erwachsene_Judenburg.pdf">Folder Judenburg</a></h2>
<p>&nbsp;</p>
<p>&nbsp;</p>
<p><strong>SOZIALPSYCHIATRISCHEN AMBULATORIUM FÜR ERWACHSENE LIEZEN</strong></p>
<p><strong>(REGION LIEZEN und GRÖBMING)</strong></p>
<p><strong>0800 / 311 63 36 oder per <a href="mailto:kontakt.li@psn.or.at">E-Mail</a></strong></p>
<p>Mo – Fr: 09:00 bis 16:00 Uhr</p>
<h2><strong><a href="https://www.psn.or.at/wp-content/uploads/2026/01/PSD-Folder_BSAMB-Erwachsene_Liezen.pdf">Folder Liezen</a></strong></h2>

<p>Kurzbeschreibung Die Fachärzt*innen der Ambulatorien arbeiten in enger Verschränkung mit den Teams des regionalen Psychosozialen Dienstes (PSD). Bei entsprechender Indikation für eine fachärztliche Intervention werden Klient*innen, sofern nicht bereits an anderer Stelle fachärztlich betreut, der Fachärzt*in im Ambulatorium zur fachärztlichen Abklärung/Behandlung zugewiesen. Alle involvierten Berufsgruppen arbeiten gemeinsam mit Patient*innen an der Erstellung eines Behandlungsplans. Das [&hellip;]<span class="entry-read-more"><a href="https://www.psn.or.at/index.php/sozialpsychiatrisches-ambulatorium-fuer-erwachsene/" class="cs-btn cs-btn-flat cs-btn-rounded cs-btn-xxs cs-btn-flat-accent">Weiterlesen</a></span></p>
