{"id":9292,"date":"2022-10-14T09:11:13","date_gmt":"2022-10-14T07:11:13","guid":{"rendered":"https:\/\/www.psn.or.at\/?page_id=9292"},"modified":"2024-05-15T09:50:29","modified_gmt":"2024-05-15T07:50:29","slug":"hinweisgebersystem","status":"publish","type":"page","link":"https:\/\/www.psn.or.at\/index.php\/hinweisgebersystem\/","title":{"rendered":"Meldungsbox"},"content":{"rendered":"<h1>HINWEISGEBERSCHUTZ<\/h1>\n<p>Nach der Richtlinie (EU) 2019\/1937 des Europ\u00e4ischen Parlaments und des Rates vom 23. Oktober 2019 zum Schutz von Personen, die Verst\u00f6\u00dfe gegen das Unionsrecht melden (in der Folge kurz: \u201eRichtlinie\u201c) sowie dem Bundesgesetz \u00fcber das Verfahren und den Schutz bei Hinweisen auf Rechtsverletzungen in bestimmten Rechtsbereichen (HinweisgeberInnenschutzgesetz \u2013 HSchG) soll sichergestellt werden, dass Gesetzesverst\u00f6\u00dfe einfach, sicher und vertraulich gemeldet werden k\u00f6nnen.<\/p>\n<p>\u00d6ffentliche und private Organisationen haben zu diesem Zweck ein internes Hinweisgebersystem einzurichten, eingehende Hinweise zu \u00fcberpr\u00fcfen und gegebenenfalls die notwendigen Ma\u00dfnahmen zu ergreifen.<\/p>\n<p>Unsere Angebote und Leistungen werden aus der \u00f6ffentlichen Hand (bspw. Land Steiermark, Sozialministeriumservice, Gesundheitsfonds Steiermark, mehrere Ministerien, \u2026) finanziert. Gerade deshalb haben wir eine besondere Verantwortung f\u00fcr den sorgsamen Umgang mit den Mitteln und ist die Einhaltung von gesetzlichen Vorgaben und Normen selbstverst\u00e4ndlich.<\/p>\n<p>Sollte es dennoch den Verdacht eines Versto\u00dfes geben, k\u00f6nnen wir als Organisation nur Ma\u00dfnahmen ergreifen, wenn wir entsprechende Hinweise dar\u00fcber erhalten. Es ist daher auch in unserem Interesse, wenn Verdachtsmomente gemeldet werden. Selbstverst\u00e4ndlich ist f\u00fcr uns, dass die Hinweisgeber*in keine negativen Folgen zu bef\u00fcrchten hat.<\/p>\n<p>Das Hinweisgeberschutzgesetz stellt daf\u00fcr den gesetzlichen Rahmen dar, \u00fcber den wir in der Folge informieren:<\/p>\n<h2>WER KANN UNSER INTERNES HINWEISGEBERSYSTEM NUTZEN?<\/h2>\n<p>Das HSchG sieht vor, dass alle Personen Verst\u00f6\u00dfe gegen EU-Recht melden k\u00f6nnen, die f\u00fcr uns arbeiten oder im Rahmen ihrer beruflichen T\u00e4tigkeit in Verbindung mit uns stehen. Insbesondere k\u00f6nnen dies sein:<\/p>\n<ul>\n<li>Mitarbeiter*innen<\/li>\n<li>Bewerber*innen um eine Stelle, als Praktikant*innen, Volont\u00e4r*innen oder sonstige Auszubildende<\/li>\n<li>selbst\u00e4ndig erwerbst\u00e4tige Personen, die in unserem Auftrag t\u00e4tig sind<\/li>\n<li>Mitglieder eines Verwaltungs-, Leitungs- oder Aufsichtsorgans<\/li>\n<li>Personen, die unter der Aufsicht und Leitung eines Auftragnehmer*in, eines Subunternehmens des Rechtstr\u00e4gers oder dessen Lieferant*innen arbeiten oder arbeiteten.<\/li>\n<\/ul>\n<h2>AUF WELCHE THEMEN KANN SICH EIN HINWEIS BEZIEHEN?<\/h2>\n<p>Das HSchG gilt f\u00fcr Hinweise \u00fcber eine Reihe m\u00f6gliche Rechtsverst\u00f6\u00dfe. Die in Betracht kommenden Rechtsvorschriften werden in \u00a7 3 Absatz 3 HSchG aufgelistet:<\/p>\n<ul>\n<li>\u00d6ffentliches Auftragswesen<\/li>\n<li>Finanzdienstleistungen, Finanzprodukte und Finanzm\u00e4rkte sowie Verhinderung von Geldw\u00e4sche und Terrorismusfinanzierung<\/li>\n<li>Produktsicherheit und -konformit\u00e4t<\/li>\n<li>Verkehrssicherheit<\/li>\n<li>Umweltschutz<\/li>\n<li>Strahlenschutz und nukleare Sicherheit<\/li>\n<li>Lebensmittel- und Futtermittelsicherheit, Tiergesundheit und Tierschutz<\/li>\n<li>\u00f6ffentliche Gesundheit<\/li>\n<li>Verbraucherschutz<\/li>\n<li>Schutz der Privatsph\u00e4re und personenbezogener Daten sowie Sicherheit von Netz- und Informationssystemen<\/li>\n<li>Verhinderung und Ahndung von Straftaten nach den \u00a7\u00a7 302 bis 309 des Strafgesetzbuches (StGB)<\/li>\n<li>Verst\u00f6\u00dfe gegen finanzielle Aspekte der EU (Betrugsbek\u00e4mpfung)<\/li>\n<\/ul>\n<h2>WIE K\u00d6NNEN SIE UNSER INTERNES HINWEISGEBERSYSTEM BENUTZEN?<\/h2>\n<p>Wir haben eine sichere Online-Formularanwendung eingerichtet, \u00fcber die Hinweise entweder erkennbar als Person (unter Anf\u00fchrung von Name und Kontaktdaten) oder anonym erstattet werden k\u00f6nnen. Auch das \u00dcbermitteln von Dateianh\u00e4ngen ist m\u00f6glich.<\/p>\n<p>Damit wir den Hinweisen nachgehen k\u00f6nnen, ist es n\u00f6tig, dass die betroffene Einrichtung angegeben wird, auf die sich Ihr Hinweis bezieht. Im Meldeformular ist die Einrichtung daher als Pflichtfeld definiert. Weiters k\u00f6nnen Sie im Formular auch Dateien hochladen, um etwa Indizien f\u00fcr einen Rechtsversto\u00df zu \u00fcbermitteln.<br \/>\nEs steht Ihnen v\u00f6llig frei, ob Sie einen Hinweis als Person erkennbar oder anonym erstatten wollen. Eine R\u00fcckmeldung zum Verlauf der \u00dcberpr\u00fcfung des Hinweises ist selbstverst\u00e4ndlich nur dann m\u00f6glich, wenn Sie Kontaktdaten angeben.<\/p>\n<h2>WAS PASSIERT, WENN SIE EINEN HINWEIS EINBRINGEN?<\/h2>\n<p>Wenn Sie einen Hinweis einbringen, erhalten Sie unmittelbar eine Best\u00e4tigung \u00fcber den Erhalt des Hinweises und dass wir den Hinweis \u00fcberpr\u00fcfen werden.<br \/>\nWenn Sie Kontaktdaten angeben, erhalten Sie binnen einer Frist von 3 Monaten eine Information \u00fcber die Ergebnisse der Pr\u00fcfung und die ggfs. getroffenen Ma\u00dfnahmen. Bei Bedarf, etwa zur Pr\u00e4zisierung Ihrer Angaben, k\u00f6nnen wir auch in Verbindung mit Ihnen treten. Die Kontaktaufnahme erfolgt \u00fcber die von Ihnen angef\u00fchrten Kontaktdaten.<\/p>\n<p>Zu Ihrem Schutz sieht das HSchG umfassende Ma\u00dfnahmen vor, die insbesondere gew\u00e4hrleisten sollen, dass Ihre Identit\u00e4t vertraulich bleibt. Wir ergreifen alle technischen und organisatorischen Ma\u00dfnahmen, die notwendig sind, um diese Schutzma\u00dfnahmen zu erf\u00fcllen.<\/p>\n<p>Information gem\u00e4\u00df Artikel 13 Datenschutz-Grundverordnung<\/p>\n<p>Wenn Sie eine Meldung \u00fcber unser internes Hinweisgebersystem einbringen, werden die von Ihnen zur Verf\u00fcgung gestellten personenbezogenen Daten (insbesondere auch der Klartext, auf den sich der Hinweis bezieht und allenfalls \u00fcbermittelte Dateianh\u00e4nge) von uns zum Zweck der internen Pr\u00fcfung des Hinweises und zur Ergreifung allenfalls notwendiger Ma\u00dfnahmen verarbeitet. Dabei st\u00fctzen wir uns auf die Richtlinie (EU) 2019\/1937 des Europ\u00e4ischen Parlaments und des Rates vom 23. Oktober 2019 zum Schutz von Personen, die Verst\u00f6\u00dfe gegen das Unionsrecht melden sowie das Bundesgesetz \u00fcber das Verfahren und den Schutz bei Hinweisen auf Rechtsverletzungen in bestimmten Rechtsbereichen (HinweisgeberInnenschutzgesetz \u2013 HSchG).<br \/>\nPersonenbezogene Daten werden nicht an Dritte weitergeleitet. Ausnahmen davon bestehen nur dann, wenn wir gesetzlich dazu berechtigt oder verpflichtet sind (z.B. Erstattung einer Anzeige an die zust\u00e4ndigen Strafverfolgungsbeh\u00f6rden, wenn unsere interne \u00dcberpr\u00fcfung des Hinweises den Verdacht einer strafbaren Handlung best\u00e4tigt), wir im Rahmen der Zurverf\u00fcgungstellung der Online-Formularanwendung externe Dienstleister beiziehen, mit denen wir einen Vertrag \u00fcber die Auftragsverarbeitung gem\u00e4\u00df Artikel 28 Datenschutz-Grundverordnung abgeschlossen haben, oder Sie uns im Vorfeld Ihre Einwilligung dazu erkl\u00e4ren.<br \/>\nPersonenbezogene Daten werden nur so lange verarbeitet und gespeichert, wie dies f\u00fcr die oben angef\u00fchrten Zwecke erforderlich ist. Aufgrund von gesetzlichen Dokumentations- und Aufbewahrungspflichten kann sich eine l\u00e4ngere Speicherdauer ergeben. Nach Ablauf entsprechender Fristen werden Ihre personenbezogenen Daten gel\u00f6scht, sofern nach der Datenschutz-Grundverordnung keine andere Rechtsgrundlage f\u00fcr eine l\u00e4nger andauernde Speicherung mehr besteht.<\/p>\n<p>Weitere Informationen \u00fcber unseren Datenschutz und \u00fcber Ihre Rechte nach der Datenschutz-Grundverordnung finden Sie hier: https:\/\/www.psn.or.at\/index.php\/datenschutz\/<\/p>\n<h2>MELDUNGEN AUF ANDERE WEISE<\/h2>\n<p>Selbstverst\u00e4ndlich k\u00f6nnen Sie uns Verst\u00f6\u00dfe auch auf andere Weise melden.<br \/>\nBitte richten Sie ihre Meldung an unsere zust\u00e4ndige Stelle:<\/p>\n<ul>\n<li>schriftlich <a href=\"mailto:hinweis@psn.or.at\">hinweis@psn.or.at<\/a><\/li>\n<li>in pers\u00f6nlicher Terminvereinbarung mit der Gesch\u00e4ftsf\u00fchrung 03572 83 980 oder <a href=\"mailto:gf@psn.or.at\">gf@psn.or.at<\/a><\/li>\n<\/ul>\n<p>Unabh\u00e4ngig von der Art der Meldung, bleibt Ihre Identit\u00e4t jedenfalls gesch\u00fctzt.<\/p>\n<div role=\"form\" class=\"wpcf7\" id=\"wpcf7-f9296-o1\" lang=\"de-DE\" dir=\"ltr\">\n<div class=\"screen-reader-response\"><p role=\"status\" aria-live=\"polite\" aria-atomic=\"true\"><\/p> <ul><\/ul><\/div>\n<form action=\"\/index.php\/wp-json\/wp\/v2\/pages\/9292#wpcf7-f9296-o1\" method=\"post\" class=\"wpcf7-form init\" enctype=\"multipart\/form-data\" novalidate=\"novalidate\" data-status=\"init\">\n<div style=\"display: none;\">\n<input type=\"hidden\" name=\"_wpcf7\" value=\"9296\" \/>\n<input type=\"hidden\" name=\"_wpcf7_version\" value=\"5.4.2\" \/>\n<input type=\"hidden\" name=\"_wpcf7_locale\" value=\"de_DE\" \/>\n<input type=\"hidden\" name=\"_wpcf7_unit_tag\" value=\"wpcf7-f9296-o1\" \/>\n<input type=\"hidden\" name=\"_wpcf7_container_post\" value=\"0\" \/>\n<input type=\"hidden\" name=\"_wpcf7_posted_data_hash\" value=\"\" \/>\n<input type=\"hidden\" name=\"_wpcf7_recaptcha_response\" value=\"\" \/>\n<\/div>\n<p><label>Benennung des Gesetzesversto\u00dfes bzw. Missstandes:<br \/>\n    <span class=\"wpcf7-form-control-wrap missstand\"><textarea name=\"missstand\" cols=\"40\" rows=\"10\" class=\"wpcf7-form-control wpcf7-textarea wpcf7-validates-as-required\" aria-required=\"true\" aria-invalid=\"false\"><\/textarea><\/span> <\/label><\/p>\n<p><label> Beschreibung des Sachverhalts:<br \/>\n    <span class=\"wpcf7-form-control-wrap beschreibung_sachverhalt\"><textarea name=\"beschreibung_sachverhalt\" cols=\"40\" rows=\"10\" class=\"wpcf7-form-control wpcf7-textarea wpcf7-validates-as-required\" aria-required=\"true\" aria-invalid=\"false\"><\/textarea><\/span> <\/label><\/p>\n<p><label> Betroffene Einrichtung:<br \/>\n    <span class=\"wpcf7-form-control-wrap einrichtung\"><input type=\"text\" name=\"einrichtung\" value=\"\" size=\"40\" class=\"wpcf7-form-control wpcf7-text wpcf7-validates-as-required\" aria-required=\"true\" aria-invalid=\"false\" \/><\/span> <\/label><\/p>\n<p><label> Anhang1:<br \/>\n    <span class=\"wpcf7-form-control-wrap file1\"><input type=\"file\" name=\"file1\" size=\"40\" class=\"wpcf7-form-control wpcf7-file\" accept=\".jpg,.jpeg,.png,.gif,.pdf,.doc,.docx,.ppt,.pptx,.odt,.avi,.ogg,.m4a,.mov,.mp3,.mp4,.mpg,.wav,.wmv\" aria-invalid=\"false\" \/><\/span> <\/label><\/p>\n<p><label> Anhang2:<br \/>\n    <span class=\"wpcf7-form-control-wrap file2\"><input type=\"file\" name=\"file2\" size=\"40\" class=\"wpcf7-form-control wpcf7-file\" accept=\".jpg,.jpeg,.png,.gif,.pdf,.doc,.docx,.ppt,.pptx,.odt,.avi,.ogg,.m4a,.mov,.mp3,.mp4,.mpg,.wav,.wmv\" aria-invalid=\"false\" \/><\/span> <\/label><\/p>\n<p><label> Anhang3:<br \/>\n    <span class=\"wpcf7-form-control-wrap file3\"><input type=\"file\" name=\"file3\" size=\"40\" class=\"wpcf7-form-control wpcf7-file\" accept=\".jpg,.jpeg,.png,.gif,.pdf,.doc,.docx,.ppt,.pptx,.odt,.avi,.ogg,.m4a,.mov,.mp3,.mp4,.mpg,.wav,.wmv\" aria-invalid=\"false\" \/><\/span> <\/label><\/p>\n<p><label>Ihr Name (freiwillige Angabe):<br \/>\n<span class=\"wpcf7-form-control-wrap melder_name\"><input type=\"text\" name=\"melder_name\" value=\"\" size=\"40\" class=\"wpcf7-form-control wpcf7-text\" aria-invalid=\"false\" \/><\/span><br \/>\n <\/label><\/p>\n<p><label>Ihr E-Mail-Adresse (freiwillige Angabe):<br \/>\n<span class=\"wpcf7-form-control-wrap melder_email\"><input type=\"text\" name=\"melder_email\" value=\"\" size=\"40\" class=\"wpcf7-form-control wpcf7-text\" aria-invalid=\"false\" \/><\/span><br \/>\n <\/label><\/p>\n<p><label>Ihr Telefon-Nummer (freiwillige Angabe):<br \/>\n<span class=\"wpcf7-form-control-wrap melder_telefon\"><input type=\"text\" name=\"melder_telefon\" value=\"\" size=\"40\" class=\"wpcf7-form-control wpcf7-text\" aria-invalid=\"false\" \/><\/span><br \/>\n <\/label><\/p>\n<p><input type=\"submit\" value=\"Abschicken\" class=\"wpcf7-form-control wpcf7-submit\" \/><\/p>\n<style>\nlabel\n{\n    width: 100%;\n}\n<\/style>\n<div class=\"wpcf7-response-output\" aria-hidden=\"true\"><\/div><\/form><\/div>\n","protected":false},"excerpt":{"rendered":"<p>HINWEISGEBERSCHUTZ Nach der Richtlinie (EU) 2019\/1937 des Europ\u00e4ischen Parlaments und des Rates vom 23. Oktober 2019 zum Schutz von Personen, die Verst\u00f6\u00dfe gegen das Unionsrecht melden (in der Folge kurz: \u201eRichtlinie\u201c) sowie dem Bundesgesetz \u00fcber das Verfahren und den Schutz bei Hinweisen auf Rechtsverletzungen in bestimmten Rechtsbereichen (HinweisgeberInnenschutzgesetz \u2013 HSchG) soll sichergestellt werden, dass Gesetzesverst\u00f6\u00dfe [&hellip;]<span class=\"entry-read-more\"><a href=\"https:\/\/www.psn.or.at\/index.php\/hinweisgebersystem\/\" class=\"cs-btn cs-btn-flat cs-btn-rounded cs-btn-xxs cs-btn-flat-accent\">Weiterlesen<\/a><\/span><\/p>\n","protected":false},"author":1,"featured_media":0,"parent":0,"menu_order":0,"comment_status":"closed","ping_status":"closed","template":"","meta":[],"_links":{"self":[{"href":"https:\/\/www.psn.or.at\/index.php\/wp-json\/wp\/v2\/pages\/9292"}],"collection":[{"href":"https:\/\/www.psn.or.at\/index.php\/wp-json\/wp\/v2\/pages"}],"about":[{"href":"https:\/\/www.psn.or.at\/index.php\/wp-json\/wp\/v2\/types\/page"}],"author":[{"embeddable":true,"href":"https:\/\/www.psn.or.at\/index.php\/wp-json\/wp\/v2\/users\/1"}],"replies":[{"embeddable":true,"href":"https:\/\/www.psn.or.at\/index.php\/wp-json\/wp\/v2\/comments?post=9292"}],"version-history":[{"count":10,"href":"https:\/\/www.psn.or.at\/index.php\/wp-json\/wp\/v2\/pages\/9292\/revisions"}],"predecessor-version":[{"id":9855,"href":"https:\/\/www.psn.or.at\/index.php\/wp-json\/wp\/v2\/pages\/9292\/revisions\/9855"}],"wp:attachment":[{"href":"https:\/\/www.psn.or.at\/index.php\/wp-json\/wp\/v2\/media?parent=9292"}],"curies":[{"name":"wp","href":"https:\/\/api.w.org\/{rel}","templated":true}]}}