{"id":8123,"date":"2020-07-23T15:32:44","date_gmt":"2020-07-23T13:32:44","guid":{"rendered":"https:\/\/www.psn.or.at\/?page_id=8123"},"modified":"2026-01-19T07:47:25","modified_gmt":"2026-01-19T06:47:25","slug":"sopha-65","status":"publish","type":"page","link":"https:\/\/www.psn.or.at\/index.php\/sopha-65\/","title":{"rendered":"Psychosoziale Beratungsstellen f\u00fcr \u00e4ltere Menschen"},"content":{"rendered":"<h2><strong>Kurzbeschreibung<\/strong><\/h2>\n<p>Die Psychosoziale Beratungsstelle f\u00fcr \u00e4ltere Menschen ist unser Angebot f\u00fcr \u00e4ltere Menschen ab 65 Jahren, die auf Grund altersbedingter psychischer Probleme an erheblicher Einschr\u00e4nkung der Lebensqualit\u00e4t leiden.<\/p>\n<h2>Unsere Angebote<\/h2>\n<ul>\n<li>Individuelle Beratung f\u00fcr Ihre pers\u00f6nlichen Anliegen (Betroffene und Angeh\u00f6rige)<\/li>\n<li>Lebenspraktische Informationen zu psychischen und sozialen Aspekten des Alters und Hilfestellung im Umgang mit Beh\u00f6rdenwegen<\/li>\n<li>Ganzheitliche Erfassung psychosozialer und seelischer Belastungen durch klinisch- psychologische Testungen und Untersuchungen<\/li>\n<li>Erarbeiten eines gemeinsam abgestimmten Betreuungs- und Behandlungsplans<\/li>\n<li>Klinisch- psychologische Behandlung (Entspannungs- und Ged\u00e4chtnistraining, etc.)<\/li>\n<li>Information und Aufkl\u00e4rung zum Umgang mit Erkrankung<\/li>\n<li>Entlastung in schwierigen Situationen und Krisen<\/li>\n<li>F\u00f6rderung der Teilhabe am sozialen Leben<\/li>\n<li>Vermittlung und Koordination zus\u00e4tzlich ben\u00f6tigter Hilfen<\/li>\n<\/ul>\n<h2>Arbeitsprinzipien?<\/h2>\n<ul>\n<li>FREIWILLIG &#8211; wir richten uns nach Ihrem Willen<\/li>\n<li>VERTRAULICH &#8211; wir verpflichten uns strengen Datenschutzkriterien<\/li>\n<li>KOSTENLOS &#8211; die Leistungen sind f\u00fcr Sie kostenlos<\/li>\n<\/ul>\n<h2>Was ist unser Ziel?<\/h2>\n<ul>\n<li>Unser Angebot soll Ihrer seelischen Gesundheit dienen. Wir wollen durch unsere professionelle Hilfe Ihre Lebensqualit\u00e4t im fortgeschrittenen Alter verbessern.<\/li>\n<\/ul>\n<h2>Zielgruppe<\/h2>\n<ul>\n<li>\u00e4ltere Menschen ab dem 65ten Lebensjahr<\/li>\n<li>Angeh\u00f6rige \u00e4lterer Menschen mit psychischen Erkrankungen<\/li>\n<\/ul>\n<h4>Termine nach Vereinbarung<\/h4>\n<p>Im Bedarfsfall kommen wir f\u00fcr ein Abkl\u00e4rungsgespr\u00e4ch zu Ihnen<\/p>\n<h2 style=\"text-align: left;\"><strong>Adressen und Telefonnummern finden Sie unter<\/strong><\/h2>\n<h2 style=\"text-align: left;\"><strong><a href=\"https:\/\/www.psn.or.at\/index.php\/kontakt\/#psb_ju\">&#8222;Kontakt&#8220;<\/a> oder <\/strong><strong>in den jeweiligen Foldern:<\/strong><\/h2>\n<div>\n<div>\n<h2><strong><a href=\"https:\/\/www.psn.or.at\/wp-content\/uploads\/2026\/01\/PSD-Folder_BS-Aeltere-Menschen_Judenburg.pdf\">Folder Murtal\/Murau<\/a><\/strong><\/h2>\n<h2><strong><a href=\"https:\/\/www.psn.or.at\/wp-content\/uploads\/2026\/01\/PSD-Folder_BS-Aeltere-Menschen_Liezen.pdf\">Folder Liezen<\/a><\/strong><\/h2>\n<\/div>\n<\/div>\n","protected":false},"excerpt":{"rendered":"<p>Kurzbeschreibung Die Psychosoziale Beratungsstelle f\u00fcr \u00e4ltere Menschen ist unser Angebot f\u00fcr \u00e4ltere Menschen ab 65 Jahren, die auf Grund altersbedingter psychischer Probleme an erheblicher Einschr\u00e4nkung der Lebensqualit\u00e4t leiden. Unsere Angebote Individuelle Beratung f\u00fcr Ihre pers\u00f6nlichen Anliegen (Betroffene und Angeh\u00f6rige) Lebenspraktische Informationen zu psychischen und sozialen Aspekten des Alters und Hilfestellung im Umgang mit Beh\u00f6rdenwegen Ganzheitliche [&hellip;]<span class=\"entry-read-more\"><a href=\"https:\/\/www.psn.or.at\/index.php\/sopha-65\/\" class=\"cs-btn cs-btn-flat cs-btn-rounded cs-btn-xxs cs-btn-flat-accent\">Weiterlesen<\/a><\/span><\/p>\n","protected":false},"author":8,"featured_media":0,"parent":0,"menu_order":0,"comment_status":"closed","ping_status":"closed","template":"","meta":[],"_links":{"self":[{"href":"https:\/\/www.psn.or.at\/index.php\/wp-json\/wp\/v2\/pages\/8123"}],"collection":[{"href":"https:\/\/www.psn.or.at\/index.php\/wp-json\/wp\/v2\/pages"}],"about":[{"href":"https:\/\/www.psn.or.at\/index.php\/wp-json\/wp\/v2\/types\/page"}],"author":[{"embeddable":true,"href":"https:\/\/www.psn.or.at\/index.php\/wp-json\/wp\/v2\/users\/8"}],"replies":[{"embeddable":true,"href":"https:\/\/www.psn.or.at\/index.php\/wp-json\/wp\/v2\/comments?post=8123"}],"version-history":[{"count":31,"href":"https:\/\/www.psn.or.at\/index.php\/wp-json\/wp\/v2\/pages\/8123\/revisions"}],"predecessor-version":[{"id":10682,"href":"https:\/\/www.psn.or.at\/index.php\/wp-json\/wp\/v2\/pages\/8123\/revisions\/10682"}],"wp:attachment":[{"href":"https:\/\/www.psn.or.at\/index.php\/wp-json\/wp\/v2\/media?parent=8123"}],"curies":[{"name":"wp","href":"https:\/\/api.w.org\/{rel}","templated":true}]}}