{"id":5213,"date":"2016-03-31T23:59:04","date_gmt":"2016-03-31T21:59:04","guid":{"rendered":"https:\/\/www.psn.or.at\/?page_id=5213"},"modified":"2026-05-04T12:33:08","modified_gmt":"2026-05-04T10:33:08","slug":"jugendcoaching","status":"publish","type":"page","link":"https:\/\/www.psn.or.at\/index.php\/jugendcoaching\/","title":{"rendered":"Jugendcoaching"},"content":{"rendered":"<p><img loading=\"lazy\" class=\"alignnone size-medium wp-image-7227\" src=\"https:\/\/www.psn.or.at\/wp-content\/uploads\/2019\/07\/BMASGK_Sozialministeriumservice_srgb-300x42.png\" alt=\"\" width=\"300\" height=\"42\" srcset=\"https:\/\/www.psn.or.at\/wp-content\/uploads\/2019\/07\/BMASGK_Sozialministeriumservice_srgb-300x42.png 300w, https:\/\/www.psn.or.at\/wp-content\/uploads\/2019\/07\/BMASGK_Sozialministeriumservice_srgb-768x107.png 768w, https:\/\/www.psn.or.at\/wp-content\/uploads\/2019\/07\/BMASGK_Sozialministeriumservice_srgb-1024x143.png 1024w, https:\/\/www.psn.or.at\/wp-content\/uploads\/2019\/07\/BMASGK_Sozialministeriumservice_srgb.png 1524w\" sizes=\"(max-width: 300px) 100vw, 300px\" \/><\/p>\n<h2><strong><span style=\"color: #5095b9;\">Kurzbeschreibung<\/span><\/strong><\/h2>\n<p>Jugendcoaching ist ein Unterst\u00fctzungsangebot f\u00fcr Jugendliche am Ende der Schulpflicht, das den Jugendlichen hilft, einen f\u00fcr sie individuell passenden Bildungs- und\/oder Berufsweg einzuschlagen und fr\u00fchzeitige Ausbildungsabbr\u00fcche zu verhindern.<\/p>\n<p>Wir besch\u00e4ftigen uns mit folgender <strong>Zielgruppe:<\/strong><\/p>\n<ul>\n<li>Abbruchs- und ausgrenzungsgef\u00e4hrdete Jugendliche<\/li>\n<li>Schulische Jugendliche am Ende der Schulpflicht (9. Schulbesuchsjahr)<\/li>\n<li>(ausbildungspflichtige) Au\u00dferschulische Jugendliche<\/li>\n<li>Delinquente Jugendliche<\/li>\n<li>Arbeitsf\u00e4higkeit bis 25<\/li>\n<\/ul>\n<h2><strong><span style=\"color: #5095b9;\">Angebot<\/span><\/strong><\/h2>\n<div>Jugendcoaching basiert auf unterschiedlichen Ebenen.<\/div>\n<p><strong>Erstberatung:<\/strong> umfasst beratende Erstgespr\u00e4che (Abkl\u00e4rung der individuellen Situation und Ausma\u00df des Unterst\u00fctzungsangebotes und Information \u00fcber weitere M\u00f6glichkeiten. Danach erfolgt bei Bedarf eine \u00dcberf\u00fchrung ins Case Management).<\/p>\n<p><strong>Case Management:<br \/>\n<\/strong>Bietet Beratung und Begleitung, das hei\u00dft: Hilfe bei der Berufsorientierung, in der pers\u00f6nlichen Entscheidungsfindung sowie in der Organisation n\u00f6tiger Unterst\u00fctzungsangebote und\/oder bei Praktika und richtet sich vorwiegend an Jugendliche mit besonderem Unterst\u00fctzungsbedarf.<br \/>\nDas Angebot umfasst Berufsorientierung, St\u00e4rken-Schw\u00e4chen-Analyse, Neigungs- und F\u00e4higkeitsprofil und Kontaktaufnahme zu potenziellen Ausbildungstr\u00e4gern oder Arbeitsstellen.<\/p>\n<p><strong>Begleitung in Phase II des Ausbildungspflichtgesetzes:<br \/>\n<\/strong>Jugendcoaching stellt die Heranf\u00fchrung an die Ausbildungspflicht bis 18 dar. Die Jugendcoaches nehmen Kontakt mit Erziehungsberechtigten und ihren Kindern auf und bieten Unterst\u00fctzungsm\u00f6glichkeiten, um der Ausbildungspflicht bis 18 nachzukommen.<\/p>\n<h2><strong><span style=\"color: #5095b9;\">Ziele<\/span><\/strong><\/h2>\n<ul>\n<li>Berufliche\/schulische Perspektivenplanung<\/li>\n<li>Abkl\u00e4rung bez\u00fcglich Integrativer Berufsausbildung<\/li>\n<li>Berufsorientierung, Unterst\u00fctzung bei Organisation von Praktika<\/li>\n<\/ul>\n<h2><strong><span style=\"color: #5095b9;\">Teamzusammenstellung<\/span><\/strong><\/h2>\n<p>Das Team besteht aus Mitarbeiterinnen und Mitarbeitern unterschiedlicher Professionen und Disziplinen.<\/p>\n<ul>\n<li>Sozialarbeit<\/li>\n<li>Psychologie<\/li>\n<li>P\u00e4dagogik<\/li>\n<\/ul>\n<h2><strong><span style=\"color: #5095b9;\">Kosten<\/span><\/strong><\/h2>\n<p>Das Angebot ist kostenlos und freiwillig.<\/p>\n<p>&nbsp;<\/p>\n<h2><strong><span style=\"color: #5095b9;\">Kontakt<\/span><\/strong><\/h2>\n<div class=\"contactBox\"><a href=\"https:\/\/www.psn.or.at\/index.php\/kontakt\/#jugendcoaching\"><span style=\"color: #5095b9;\">Jugendcoaching Knittelfeld<\/span><\/a><\/div>\n<div class=\"contactBox\"><a href=\"https:\/\/www.psn.or.at\/index.php\/kontakt\/#jugendcoaching\"><span style=\"color: #5095b9;\">Jugendcoaching Judenburg<\/span><\/a><\/div>\n<div class=\"contactBox\"><a href=\"https:\/\/www.psn.or.at\/index.php\/kontakt\/#jugendcoaching\"><span style=\"color: #5095b9;\">Jugendcoaching Murau<\/span><\/a><\/div>\n<h2><a href=\"https:\/\/www.psn.or.at\/wp-content\/uploads\/2026\/05\/PSN_JUCO_Falzfolder_APP1_Sept_25.pdf\"><strong><span style=\"color: #5095b9;\">Folder<\/span><\/strong><\/a><\/h2>\n<p>&nbsp;<\/p>\n","protected":false},"excerpt":{"rendered":"<p>Kurzbeschreibung Jugendcoaching ist ein Unterst\u00fctzungsangebot f\u00fcr Jugendliche am Ende der Schulpflicht, das den Jugendlichen hilft, einen f\u00fcr sie individuell passenden Bildungs- und\/oder Berufsweg einzuschlagen und fr\u00fchzeitige Ausbildungsabbr\u00fcche zu verhindern. Wir besch\u00e4ftigen uns mit folgender Zielgruppe: Abbruchs- und ausgrenzungsgef\u00e4hrdete Jugendliche Schulische Jugendliche am Ende der Schulpflicht (9. Schulbesuchsjahr) (ausbildungspflichtige) Au\u00dferschulische Jugendliche Delinquente Jugendliche Arbeitsf\u00e4higkeit bis 25 [&hellip;]<span class=\"entry-read-more\"><a href=\"https:\/\/www.psn.or.at\/index.php\/jugendcoaching\/\" class=\"cs-btn cs-btn-flat cs-btn-rounded cs-btn-xxs cs-btn-flat-accent\">Weiterlesen<\/a><\/span><\/p>\n","protected":false},"author":1,"featured_media":0,"parent":0,"menu_order":0,"comment_status":"closed","ping_status":"closed","template":"","meta":[],"_links":{"self":[{"href":"https:\/\/www.psn.or.at\/index.php\/wp-json\/wp\/v2\/pages\/5213"}],"collection":[{"href":"https:\/\/www.psn.or.at\/index.php\/wp-json\/wp\/v2\/pages"}],"about":[{"href":"https:\/\/www.psn.or.at\/index.php\/wp-json\/wp\/v2\/types\/page"}],"author":[{"embeddable":true,"href":"https:\/\/www.psn.or.at\/index.php\/wp-json\/wp\/v2\/users\/1"}],"replies":[{"embeddable":true,"href":"https:\/\/www.psn.or.at\/index.php\/wp-json\/wp\/v2\/comments?post=5213"}],"version-history":[{"count":46,"href":"https:\/\/www.psn.or.at\/index.php\/wp-json\/wp\/v2\/pages\/5213\/revisions"}],"predecessor-version":[{"id":10856,"href":"https:\/\/www.psn.or.at\/index.php\/wp-json\/wp\/v2\/pages\/5213\/revisions\/10856"}],"wp:attachment":[{"href":"https:\/\/www.psn.or.at\/index.php\/wp-json\/wp\/v2\/media?parent=5213"}],"curies":[{"name":"wp","href":"https:\/\/api.w.org\/{rel}","templated":true}]}}