{"id":5035,"date":"2016-03-31T21:30:34","date_gmt":"2016-03-31T19:30:34","guid":{"rendered":"https:\/\/www.psn.or.at\/?page_id=5035"},"modified":"2026-02-02T10:26:03","modified_gmt":"2026-02-02T09:26:03","slug":"impressum","status":"publish","type":"page","link":"https:\/\/www.psn.or.at\/index.php\/impressum\/","title":{"rendered":"Impressum"},"content":{"rendered":"<h3>PSN Psychosoziales Netzwerk gemeinn\u00fctzige GmbH<\/h3>\n<p>Kapellenweg 5 \/ 1. Stock, 8750 Judenburg<\/p>\n<p>Telefon: 03572 \/ 83980<br \/>\nEmail: zentrale@psn.or.at<\/p>\n<p>Gesch\u00e4ftsf\u00fchrung:<br \/>\nMag. Gregor Hoffmann, MSc MBA<br \/>\nMag. Gernot Hilberger<\/p>\n<p>UID Nr.: ATU 67298444<br \/>\nFirmenbuchnummer: FN 380743 t<br \/>\nFirmenbuchgericht: Leoben<\/p>\n<h3>Haftungshinweis<\/h3>\n<p>Trotz sorgf\u00e4ltiger inhaltlicher Kontrolle \u00fcbernehmen wir keine Haftung f\u00fcr die Inhalte externer Links<\/p>\n<p>F\u00fcr den Inhalt der verlinkten Seiten sind ausschlie\u00dflich deren Betreiber verantwortlich.<\/p>\n","protected":false},"excerpt":{"rendered":"<p>PSN Psychosoziales Netzwerk gemeinn\u00fctzige GmbH Kapellenweg 5 \/ 1. Stock, 8750 Judenburg Telefon: 03572 \/ 83980 Email: zentrale@psn.or.at Gesch\u00e4ftsf\u00fchrung: Mag. Gregor Hoffmann, MSc MBA Mag. Gernot Hilberger UID Nr.: ATU 67298444 Firmenbuchnummer: FN 380743 t Firmenbuchgericht: Leoben Haftungshinweis Trotz sorgf\u00e4ltiger inhaltlicher Kontrolle \u00fcbernehmen wir keine Haftung f\u00fcr die Inhalte externer Links F\u00fcr den Inhalt der [&hellip;]<span class=\"entry-read-more\"><a href=\"https:\/\/www.psn.or.at\/index.php\/impressum\/\" class=\"cs-btn cs-btn-flat cs-btn-rounded cs-btn-xxs cs-btn-flat-accent\">Weiterlesen<\/a><\/span><\/p>\n","protected":false},"author":1,"featured_media":0,"parent":0,"menu_order":0,"comment_status":"closed","ping_status":"closed","template":"","meta":[],"_links":{"self":[{"href":"https:\/\/www.psn.or.at\/index.php\/wp-json\/wp\/v2\/pages\/5035"}],"collection":[{"href":"https:\/\/www.psn.or.at\/index.php\/wp-json\/wp\/v2\/pages"}],"about":[{"href":"https:\/\/www.psn.or.at\/index.php\/wp-json\/wp\/v2\/types\/page"}],"author":[{"embeddable":true,"href":"https:\/\/www.psn.or.at\/index.php\/wp-json\/wp\/v2\/users\/1"}],"replies":[{"embeddable":true,"href":"https:\/\/www.psn.or.at\/index.php\/wp-json\/wp\/v2\/comments?post=5035"}],"version-history":[{"count":12,"href":"https:\/\/www.psn.or.at\/index.php\/wp-json\/wp\/v2\/pages\/5035\/revisions"}],"predecessor-version":[{"id":10704,"href":"https:\/\/www.psn.or.at\/index.php\/wp-json\/wp\/v2\/pages\/5035\/revisions\/10704"}],"wp:attachment":[{"href":"https:\/\/www.psn.or.at\/index.php\/wp-json\/wp\/v2\/media?parent=5035"}],"curies":[{"name":"wp","href":"https:\/\/api.w.org\/{rel}","templated":true}]}}