{"id":32,"date":"2016-03-25T22:55:29","date_gmt":"2016-03-25T21:55:29","guid":{"rendered":"https:\/\/www.psn.or.at\/?page_id=32"},"modified":"2020-02-27T11:41:39","modified_gmt":"2020-02-27T10:41:39","slug":"geschichte","status":"publish","type":"page","link":"https:\/\/www.psn.or.at\/index.php\/geschichte\/","title":{"rendered":"Geschichte"},"content":{"rendered":"<p>Das <strong>PSN Psychosoziale Netzwerk gemeinn\u00fctzige GmbH<\/strong> wurde am 01. Juli 2012 als <strong>Nachfolgeorganisation<\/strong> f\u00fcr die operative T\u00e4tigkeit <a href=\"http:\/\/www.vpsl.at\"><span style=\"color: #f6cf44;\"><em>des Vereins f\u00fcr psychische und soziale Lebensberatun<\/em>g<\/span><\/a> mit den Gesch\u00e4ftsf\u00fchrern Hofrat Mag. J\u00f6rg Knauer und Mag. Michael Truschnig gegr\u00fcndet. Der Verein ist Alleingesellschafter von PSN.<\/p>\n<p>Sie wollen mehr zur jahrzehntelangen Geschichte des Vereins wissen?<br \/>\nDann folgen Sie einfach dem Link zur Webpage <a href=\"http:\/\/www.vpsl.at\/index.php?site=geschichte\"><span style=\"color: #f6cf44;\"><strong>Verein f\u00fcr psychische und soziale Lebensberatung<\/strong><\/span><\/a><\/p>\n<p>Im J\u00e4nner 2013 begann das Leitungsteam auf Grund des herannahenden Ausscheidens von Hofrat Mag. J\u00f6rg Knauer eine Diskussion \u00fcber die zuk\u00fcnftige Leitungsstruktur des PSN.<br \/>\nSeit 01. J\u00e4nner 2016 bilden Mag . Michael Truschnig und Mag. Gregor Hoffmann, MSc MBA die Gesch\u00e4ftsf\u00fchrung von PSN.<br \/>\nDie Regionen wurden durch Einsetzung von Regionalleitungen in ihrer jeweiligen Besonderheit st\u00e4rker ber\u00fccksichtigt. Dadurch wird die Pr\u00e4senz des PSN gest\u00e4rkt, sowie bereichs\u00fcbergreifende, regionale Zusammenarbeit unterst\u00fctzt und verbessert.<\/p>\n<p>&nbsp;<\/p>\n","protected":false},"excerpt":{"rendered":"<p>Das PSN Psychosoziale Netzwerk gemeinn\u00fctzige GmbH wurde am 01. Juli 2012 als Nachfolgeorganisation f\u00fcr die operative T\u00e4tigkeit des Vereins f\u00fcr psychische und soziale Lebensberatung mit den Gesch\u00e4ftsf\u00fchrern Hofrat Mag. J\u00f6rg Knauer und Mag. Michael Truschnig gegr\u00fcndet. Der Verein ist Alleingesellschafter von PSN. Sie wollen mehr zur jahrzehntelangen Geschichte des Vereins wissen? Dann folgen Sie einfach [&hellip;]<span class=\"entry-read-more\"><a href=\"https:\/\/www.psn.or.at\/index.php\/geschichte\/\" class=\"cs-btn cs-btn-flat cs-btn-rounded cs-btn-xxs cs-btn-flat-accent\">Weiterlesen<\/a><\/span><\/p>\n","protected":false},"author":1,"featured_media":0,"parent":0,"menu_order":0,"comment_status":"closed","ping_status":"closed","template":"","meta":[],"_links":{"self":[{"href":"https:\/\/www.psn.or.at\/index.php\/wp-json\/wp\/v2\/pages\/32"}],"collection":[{"href":"https:\/\/www.psn.or.at\/index.php\/wp-json\/wp\/v2\/pages"}],"about":[{"href":"https:\/\/www.psn.or.at\/index.php\/wp-json\/wp\/v2\/types\/page"}],"author":[{"embeddable":true,"href":"https:\/\/www.psn.or.at\/index.php\/wp-json\/wp\/v2\/users\/1"}],"replies":[{"embeddable":true,"href":"https:\/\/www.psn.or.at\/index.php\/wp-json\/wp\/v2\/comments?post=32"}],"version-history":[{"count":13,"href":"https:\/\/www.psn.or.at\/index.php\/wp-json\/wp\/v2\/pages\/32\/revisions"}],"predecessor-version":[{"id":7877,"href":"https:\/\/www.psn.or.at\/index.php\/wp-json\/wp\/v2\/pages\/32\/revisions\/7877"}],"wp:attachment":[{"href":"https:\/\/www.psn.or.at\/index.php\/wp-json\/wp\/v2\/media?parent=32"}],"curies":[{"name":"wp","href":"https:\/\/api.w.org\/{rel}","templated":true}]}}